{"id":3346,"date":"2016-02-19T00:38:37","date_gmt":"2016-02-19T00:38:37","guid":{"rendered":"http:\/\/canadianrecordssuspension.ca\/?page_id=3346"},"modified":"2016-03-16T00:07:01","modified_gmt":"2016-03-16T00:07:01","slug":"contact-us","status":"publish","type":"page","link":"https:\/\/canadianrecordssuspension.ca\/francais\/contact-us\/","title":{"rendered":"Contact Us"},"content":{"rendered":"\n<style type=\"text\/css\" data-created_by=\"avia_inline_auto\" id=\"style-css-av-av_one_full-352b07ef7d3bc99b2e9f92e7a9e06bdb\">\n.flex_column.av-av_one_full-352b07ef7d3bc99b2e9f92e7a9e06bdb{\n-webkit-border-radius:0px 0px 0px 0px;\n-moz-border-radius:0px 0px 0px 0px;\nborder-radius:0px 0px 0px 0px;\npadding:0px 0px 0px 0px;\n}\n<\/style>\n<div class='flex_column av-av_one_full-352b07ef7d3bc99b2e9f92e7a9e06bdb av_one_full  avia-builder-el-0  avia-builder-el-no-sibling  first flex_column_div av-zero-column-padding '     ><p><section  class='av_textblock_section av-av_textblock-0366cc7376be6c9e82a3e9cc8987b64f'  itemscope=\"itemscope\" itemtype=\"https:\/\/schema.org\/CreativeWork\" ><div class='avia_textblock'  itemprop=\"text\" ><p>Si vous ne vivez pas loin de la r\u00e9gion vous pouvez venir nous visiter n&#8217;importe quel moment pendant notre activit\u00e9 heure 9h \u00e0 17h, du lundi au vendredi. Services d&#8217;\u00e9valuation gratuite \u00e0 notre bureau et aucune nomination n&#8217;est n\u00e9cessaire. Nous servons les Canadiens de toutes les r\u00e9gions du Canada, nous pouvons vous aider \u00e0 aucun mater o\u00f9 vous vivez au Canada.<\/p>\n<table border=\"0\" width=\"100%\" cellspacing=\"0\" cellpadding=\"0\">\n<tbody>\n<tr>\n<td align=\"center\">Toll free: 1-866-630-3660<br \/>\nEmail: <a href=\"https:\/\/mail.google.com\/mail\/?view=cm&amp;fs=1&amp;tf=1&amp;to=info@pardoncanadaservice.ca\" target=\"_blank\" rel=\"noopener\">info@canadianrecordssuspension.ca<\/a><\/td>\n<\/tr>\n<\/tbody>\n<\/table>\n<\/div><\/section><br \/>\n<form action=\"https:\/\/canadianrecordssuspension.ca\/francais\/contact-us\/\" method=\"post\"  class=\"avia_ajax_form av-form-labels-visible   avia-builder-el-2  el_after_av_textblock  avia-builder-el-last   \" data-avia-form-id=\"1\" data-avia-redirect='' ><h3 class=''>Envoyer un mail<\/h3><fieldset><p class='  first_form  form_element form_fullwidth' id='element_avia_1_1'><label for=\"avia_1_1\">Name <abbr class=\"required\" title=\"required\">*<\/abbr><\/label> <input name=\"avia_1_1\" class=\"text_input is_empty\" type=\"text\" id=\"avia_1_1\" value=\"\" \/><\/p><p class='  first_form  form_element form_fullwidth' id='element_avia_2_1'><label for=\"avia_2_1\">E-Mail <abbr class=\"required\" title=\"required\">*<\/abbr><\/label> <input name=\"avia_2_1\" class=\"text_input is_email\" type=\"text\" id=\"avia_2_1\" value=\"\" \/><\/p><p class='  first_form  form_element form_fullwidth' id='element_avia_3_1'><label for=\"avia_3_1\">Subject <abbr class=\"required\" title=\"required\">*<\/abbr><\/label> <input name=\"avia_3_1\" class=\"text_input is_empty\" type=\"text\" id=\"avia_3_1\" value=\"\" \/><\/p><p class='  first_form  form_element form_fullwidth av-last-visible-form-element' id='element_avia_4_1'><label for=\"avia_4_1\" class=\"textare_label hidden textare_label_avia_4_1\">Message <abbr class=\"required\" title=\"required\">*<\/abbr><\/label><textarea  name=\"avia_4_1\" class=\"text_area is_empty\" cols=\"40\" rows=\"7\" id=\"avia_4_1\" ><\/textarea><\/p><p class=\"hidden\"><input type=\"text\" name=\"avia_5_1\" class=\"hidden \" id=\"avia_5_1\" value=\"\" \/><\/p><p class=\"form_element \"><input type=\"hidden\" value=\"1\" name=\"avia_generated_form1\" \/><input type=\"submit\" value=\"Submit\" class=\"button\"  data-sending-label=\"Sending\"\/><\/p><\/fieldset><\/form><div id=\"ajaxresponse_1\" class=\"ajaxresponse ajaxresponse_1 hidden\"><\/div><\/p><\/div>\n","protected":false},"excerpt":{"rendered":"","protected":false},"author":1,"featured_media":0,"parent":0,"menu_order":0,"comment_status":"closed","ping_status":"closed","template":"","meta":[],"_links":{"self":[{"href":"https:\/\/canadianrecordssuspension.ca\/francais\/wp-json\/wp\/v2\/pages\/3346"}],"collection":[{"href":"https:\/\/canadianrecordssuspension.ca\/francais\/wp-json\/wp\/v2\/pages"}],"about":[{"href":"https:\/\/canadianrecordssuspension.ca\/francais\/wp-json\/wp\/v2\/types\/page"}],"author":[{"embeddable":true,"href":"https:\/\/canadianrecordssuspension.ca\/francais\/wp-json\/wp\/v2\/users\/1"}],"replies":[{"embeddable":true,"href":"https:\/\/canadianrecordssuspension.ca\/francais\/wp-json\/wp\/v2\/comments?post=3346"}],"version-history":[{"count":4,"href":"https:\/\/canadianrecordssuspension.ca\/francais\/wp-json\/wp\/v2\/pages\/3346\/revisions"}],"predecessor-version":[{"id":3450,"href":"https:\/\/canadianrecordssuspension.ca\/francais\/wp-json\/wp\/v2\/pages\/3346\/revisions\/3450"}],"wp:attachment":[{"href":"https:\/\/canadianrecordssuspension.ca\/francais\/wp-json\/wp\/v2\/media?parent=3346"}],"curies":[{"name":"wp","href":"https:\/\/api.w.org\/{rel}","templated":true}]}}